124 - -86. What is the greatest common divisor of g and d?
30
Let c be (-40)/100 - (-1212)/5. Let v = c + -142. What is the greatest common factor of v and 140?
20
Let y be -16*1*3/(6/(-4)). Let v be (5 - (-91)/(-21)) + y/6. Calculate the highest common factor of 66 and v.
6
Let w be ((-4)/(-8))/(2/104). Let z be 30/(-70)*1*(-6 - 8) + 46. Calculate the greatest common factor of z and w.
26
Let z be (-670)/1 - (8 + -18)/5. Let w = -388 - z. What is the greatest common factor of 20 and w?
20
Suppose 50*a - 279300 = -53*a + 82*a. Calculate the highest common divisor of a and 76.
76
Suppose 4*f + 2*u - 7*u + 251 = 0, 65 = -f + 2*u. Let m = 149 + f. Calculate the highest common divisor of 20 and m.
10
Let n = 142 + -34. Suppose 26*j - 3132 = -10*j. Suppose -3*s + 75 = -j. What is the greatest common divisor of s and n?
54
Suppose 4*y + 2*b = 1636, b = 5*y + 203 - 2248. Suppose 0 = -17*m + 747 + y. Suppose -2*x = -x - 34. Calculate the greatest common divisor of x and m.
34
Suppose -4*o - 5*c + 9462 = 0, 2*o + 13*c - 4732 = 11*c. Calculate the highest common divisor of o and 111.
37
Suppose 148*i = 162*i - 40824. What is the highest common divisor of 36 and i?
36
Let g(o) = -o**3 + 9*o**2 + 18. Let x be g(9). Suppose -x*c + 22*c - 20 = 0. Suppose c*l = l + 92. What is the greatest common divisor of 253 and l?
23
Let v(b) = -4*b**3 + 47*b**2 - 42*b + 14. Let o be v(-14). Calculate the highest common factor of 63 and o.
63
Suppose -35*i - 338*i + 870 = -83*i. Let z = 55 + -4. What is the greatest common factor of i and z?
3
Let w(b) = -9 + 15*b**2 - 22 + 8*b**2 - 24*b**2 - 15*b. Suppose -r + 35 = -6*r. Let a be w(r). Calculate the greatest common factor of a and 200.
25
Let d = 861 - 573. Let z be (-4 - -1)/(((-16)/(-4))/(-12)). Calculate the highest common divisor of d and z.
9
Let n(i) = 4*i**2 - 465*i + 482. Let f be n(116). Calculate the highest common factor of f and 5246.
122
Let n = 31 + 5. Let c(z) = -z**3 + 6*z**2 + 7*z. Let v be c(7). Let j be 10 + -3 - (3 - v). What is the greatest common factor of j and n?
4
Suppose -5*j - 3*a + 186 = 0, 2*j = -14*a + 13*a + 75. Calculate the greatest common divisor of 104 and j.
13
Suppose -3*c + 2*z + 218 = 0, 0*c - 2*c + 4*z = -156. Suppose 5*r = 5*o + 180, -56*r + 3*o = -54*r - 66. Calculate the greatest common divisor of c and r.
14
Let r be (-168)/(-18)*36/14. Suppose 4*l + 4*t - 24 = -192, 0 = -l + 5*t - 60. Let q = l + 69. What is the greatest common factor of q and r?
24
Let f(l) = 4*l**3 - 11*l + 21. Let o be f(2). What is the greatest common factor of o and 775?
31
Let u = 28 - 22. Suppose -2 = -3*j - 9*s + 4*s, -j + s = -u. Suppose -d + j*d = -l + 23, 0 = -3*d - 2*l + 25. What is the greatest common factor of d and 2?
1
Suppose 22*m - 935 - 2695 = 0. Suppose 0 = l + 2 + 7. Let w be (15/9)/((-1)/l). What is the highest common divisor of m and w?
15
Suppose -4*b + 2*q + 84 = 0, q - 6 = -2*q. Suppose 0 = -31*r + b*r + 684. Calculate the highest common divisor of 4 and r.
4
Suppose 15 = -4*g + 3*s + 9, 0 = 5*s + 10. Let o be 9 + g + -9 + 60. Calculate the highest common divisor of 76 and o.
19
Let l = -15 + 132. Let q = l + -133. Let u be (-7)/((-15 - q)*(-1)/37). What is the greatest common factor of 37 and u?
37
Suppose 0 = -f + 124 - 0. Let i = f - 123. Suppose -18 = -5*d - g, 2*g - 6*g + 12 = 0. What is the highest common divisor of i and d?
1
Suppose -3*o = 3*y - 159, -3*y - 135*o + 139*o = -166. Let p be -5 - (-329)/63 - 50/(-18). What is the highest common divisor of y and p?
3
Let l be (-42)/126*(-1509 + -6). What is the highest common divisor of 15 and l?
5
Suppose -10*c = 41*c - 969. Suppose r + 3 = 7. Calculate the greatest common factor of r and c.
1
Suppose 49 + 1005 = 31*s. Suppose -s*q + 244 = -30*q. What is the highest common divisor of q and 244?
61
Let g = 523 + -348. Suppose 4*r - k = g, 5*r + 3*k = 3*r + 105. Calculate the highest common divisor of 495 and r.
45
Let m = 5487 - 2106. Calculate the highest common factor of m and 147.
147
Let k = -41990 + 43772. What is the highest common factor of 81 and k?
81
Let t(x) = 2*x**3 + 5*x**2 - 70*x - 34. Let i be t(8). Calculate the highest common factor of i and 30.
30
Suppose 0 = -4*s + 4*f + 3412, s + 1708 = 3*s - 4*f. Suppose -4*w = 5*z - 64, -4*z + 44 = -70*w + 66*w. What is the highest common divisor of s and z?
12
Let v be (-16)/(-48) + (-248)/(-3) - 4. Let d = 229 + v. What is the highest common divisor of 132 and d?
44
Let w(l) = l - 1. Let a(k) = 2*k - 13. Let i(y) = -2*a(y) + 2*w(y). Let p be i(4). What is the highest common divisor of 64 and p?
16
Let b be -32*((-6)/(-9) + (-34)/24). Suppose 19*s - 20 = 132. Calculate the greatest common factor of b and s.
8
Let h(b) = 52*b**3 - 3*b**2 + 5*b - 1. Let j be h(1). Suppose 0*v - 4240 = -5*v. What is the highest common divisor of v and j?
53
Let h(w) = 2*w**2 + 8*w + 3. Let x be h(-1). Let o be (-3 + 31)/((-20)/8 - x). Let d be 4/(-10) + 72/5. Calculate the highest common factor of d and o.
14
Suppose 667 = 237*c - 1229. Let b(j) = 55*j - 3. Let y be b(5). Calculate the greatest common divisor of c and y.
8
Let d be -10 + (-19881)/(-45) - 3/(-15). Calculate the greatest common divisor of 16 and d.
16
Suppose -24*s + 2130 = -8982. Let u = -404 + s. Calculate the highest common factor of u and 177.
59
Let v be 8/(-10) + (-4599)/45. Let o = -77 - v. Suppose n - 6*n = -1170. What is the greatest common factor of o and n?
26
Let j = -12259 - -12289. Calculate the greatest common divisor of 320 and j.
10
Suppose -34 = 5*o - 99. Let f = -7 - -33. Calculate the highest common factor of f and o.
13
Let t = 90 + -88. Suppose -3*s = 3*h, -4*s - t = 2*h - s. Let x = 31 - 9. Calculate the highest common divisor of h and x.
2
Let t(g) = 5*g + 5. Let l(a) = a**2 + 5*a + 7. Let o be l(-5). Let n be t(o). Let h = -1746 - -1776. What is the greatest common factor of n and h?
10
Let x(m) = 22*m**2 - 375*m + 177. Let v be x(17). What is the greatest common divisor of v and 155?
5
Let q(j) = -j + 17. Let i be q(15). Suppose 4*h = i*h - 4. Let p be (33/h)/(2/(-8)). What is the greatest common factor of 22 and p?
22
Let g = 176 - 126. Let s be -1 + (-72)/(-56) - 68/(-7). Calculate the greatest common factor of g and s.
10
Let a(t) = 10*t**2 - 9*t - 39. Let c be a(3). Suppose 0 = -3*f + 23 - 5. Calculate the greatest common factor of c and f.
6
Let w = -28077 + 28089. What is the greatest common factor of w and 31452?
12
Suppose 15*m = 10*m + 160. Suppose 3*x = 5*a, -4*x + m = 2*a + 6. Suppose -u = -2*g - 2, 5*g = -4*u - x + 39. Calculate the highest common divisor of 18 and u.
6
Let o be (-19)/(-152)*-140*-236. Calculate the highest common factor of 210 and o.
70
Let p(w) = w**2 + 30*w + 174. Let b be p(19). Calculate the highest common divisor of b and 130.
65
Suppose 24*a - 68*a = 14*a - 232. What is the highest common factor of 4388 and a?
4
Let d(n) = -80*n**2 + 12*n - 18. Let y be d(2). Let h = 320 + y. What is the greatest common divisor of 8 and h?
2
Let i be (3 - 0) + 50 - -3. Let z(k) = -2*k**3 + 10*k**2 + 12*k - 4. Let l be z(5). What is the highest common factor of i and l?
56
Let v(i) be the first derivative of -14*i**2 - 240*i + 45. Let r be v(-10). What is the greatest common factor of 100 and r?
20
Let r(m) = 4*m**2 + 10*m + 11. Let t be 2/(-10)*-1 + 242/(-110). Let z be r(t). Calculate the greatest common divisor of z and 63.
7
Suppose 1 = -3*h - 8, -4*v - 84 = -4*h. Let d = 237 - v. What is the highest common factor of d and 9?
9
Let t = 805 + -322. Suppose -h - 2*k - 2*k = -84, 5*h - t = k. What is the greatest common factor of h and 128?
32
Let b(y) = 6*y + 77. Let l be b(-12). Suppose -2*j - 5*a = -100, a - 127 = -l*j + 123. What is the highest common divisor of 125 and j?
25
Suppose -2*g + 0*g = -4*i + 38, 3*i - 6 = -g. Let p = 205 + g. What is the greatest common divisor of p and 56?
28
Let d be 19 + -3 + 62/1. What is the highest common divisor of d and 5343?
39
Let g be (-2)/(-36) + (-14671)/(-306). Calculate the greatest common divisor of g and 39696.
48
Suppose 947 = -89*w + 4418. Calculate the highest common divisor of w and 2080.
13
Let r = 170338 - 106245. What is the highest common factor of 107 and r?
107
Let m(h) = -18*h**3 - 8*h**2 - 23*h - 8. Let b be m(-2). Calc